3 + 3). Let m(d) = 20*d - 1. Calculate m(s).
-61
Let i(w) = 21*w - 6*w - 6*w - 11*w - 3. Calculate i(-3).
3
Let a be 14/(-35) + 7/5. Suppose -o + 9 = 3. Let b(x) = -6*x + o*x - 2*x. Give b(a).
-2
Let j be 22/6 + ((-4)/(-12) - 1). Let y be j + (-2)/(1*(-4)/6). Let r(h) = -h**2 + 4*h + 7. Determine r(y).
-5
Let y(v) be the second derivative of v**3/3 + 9*v**2/2 - 13*v. Determine y(-6).
-3
Let x(z) = -z**2 + 2*z - 1. Let p(a) = -4*a**2 + 11*a - 8. Let j(u) = -p(u) + 5*x(u). Calculate j(-5).
-17
Let m(c) = 4*c + 5. Let b be -2 + (-2*22)/(-1). Let h = b + -48. Calculate m(h).
-19
Let q be (-24)/(-11) + (-8)/44. Let b(s) = 5*s + 2. Give b(q).
12
Let c(x) = 345*x + 348*x - 689*x. Determine c(1).
4
Suppose 10*c = -13 + 53. Let q(z) = -6*z + 5*z - z**2 - 2 + c*z**2 + 3*z. What is q(-2)?
6
Suppose -4*g + 12 = c, 5*g + 1 + 2 = c. Let l(r) = 5*r**2 + 6 + c - 14. Determine l(-1).
5
Let h(g) = -g**3 - 6*g**2 + 2*g + 4. Let r(w) = -70*w + 204. Let a be r(3). Determine h(a).
-8
Let h(i) = -i**3 - 14*i**2 + 13*i - 6. Let a(m) = m**2 - m - 1. Let v(x) = 6*a(x) + h(x). Let r be v(-9). Let c(g) = 2*g + 4. Determine c(r).
16
Let i(m) be the third derivative of m**5/60 + m**4/3 - m**3/6 + 2*m**2. Let j be 17/(-3) + 63/(-27). Give i(j).
-1
Let d(n) = -n**3 - 5*n**2 + 3*n + 1. Let m(p) = 5*p**3 + 64*p**2 - 51*p - 8. Let w(a) = -6*d(a) - m(a). Calculate w(33).
2
Let z be 6 - (0/2 + 2 + 1). Let x(u) = 4*u - 2 - u - z*u + 2*u. Calculate x(2).
2
Let g(d) = -d**2 - 6*d - 14 - 10 - 4*d + 25 - 9. Determine g(-12).
-32
Let m(i) = 5*i**2 + 24*i - 11. Let y be m(-5). Let a(u) = u. What is a(y)?
-6
Let d(s) = -s**2 + 5*s - 5. Let x(b) = 36*b - 6. Let v(k) = 24*k - 4. Let w(z) = -8*v(z) + 5*x(z). Let l be w(1). Let u be 56/12 - l/(-15). Give d(u).
-1
Let v be 6/4*(-3 + 44/12). Let m be (-2 + -5 - v - 1)/(-1). Let d(x) = -x**2 + 10*x - 5. Calculate d(m).
4
Let y(o) = -4 - o**2 - 2 + 2*o**2. Let t = 7487 - 7487. Calculate y(t).
-6
Let l(f) = f**2 - 31*f + 61. Let c be l(29). Let h(j) be the first derivative of -1/4*j**4 + 0*j**2 + 2/3*j**c + 5 - 2*j. What is h(2)?
-2
Let v(l) = -l**3 - 6*l**2 - 3*l + 4. Let k(p) = p**2 - 4*p - 2. Let n = 5 - 2. Let c be k(n). Calculate v(c).
-6
Let r(h) = 2*h**2 + 2. Let p(i) = -i**2 + 3*i + 2. Let a(b) = -p(b) + 2*r(b). Give a(1).
4
Let o(l) = l**2 - 17*l - 9. Let z(v) = -2*v**2 - 34*v + 54. Let w be z(-18). What is o(w)?
9
Let a(w) = 6*w - 30. Let h be a(5). Let y(f) = f**2 - f + 11. What is y(h)?
11
Let u(x) = 378 + x - 370 + x. Suppose 4*w + v + 37 = 13, -5*w = 4*v + 30. What is u(w)?
-4
Let r be -1 + (-28)/((-2)/1). Suppose -2*h + 18 = -3*h. Let p = h + r. Let x(t) = t**3 + 5*t**2 - t - 7. Give x(p).
-2
Suppose -v + 82 = -222. Let l(d) = -v*d**2 - 2*d - 6 - 4*d + 305*d**2. Calculate l(6).
-6
Let c(p) = -2*p**2 + 11*p + 3. Suppose -2*x = 0, 2*q + 12*x = 10*x + 16. Determine c(q).
-37
Let j(u) be the third derivative of u**6/120 + u**5/12 - 5*u**4/24 + u**3 + 2*u**2. Let w = -17 - -18. Let q be -12*w/(1 - -1). What is j(q)?
0
Let o(v) = 2*v - 7. Let u be o(5). Suppose -5*d + u*d = 20. Let b = -8 - d. Let k(s) = 8*s - 1. Determine k(b).
15
Let c(y) = y**2 + 8*y + 6. Suppose 2*p + 8 = p + 3*g, 5*g = 4*p + 11. Suppose 11 = -2*a + p. Determine c(a).
-9
Suppose 0 = -81*q - 29*q + 220. Let t(x) = -5*x**2 + 9*x - 2. Let z(w) = -11*w**2 + 19*w - 4. Let i(c) = -9*t(c) + 4*z(c). Determine i(q).
-4
Let d = 58 - 51. Let x(h) = -h**3 + 5*h**2 + 15*h - 5. Let n be x(d). Let a(i) = -i + 2. Calculate a(n).
0
Let a(c) be the second derivative of 2*c - 1/4*c**4 - 1/2*c**3 + 1/20*c**5 - 2*c**2 + 0. Suppose 0 = -4*r - 2*m + 37 - 11, 0 = r + 2*m - 14. Give a(r).
0
Let s = -1/127 + 133/762. Let m(u) be the third derivative of 0*u + 0 + s*u**3 + 4*u**2 + 1/12*u**4. What is m(-2)?
-3
Let n(q) = -q**3 + 2*q**2 - q + 2. Suppose -8 = -v + 3*k, -3*v + 3*k + 16 = 2*v. Let h = 5 + -1. Suppose h*r - v*b - 20 = 0, 4*b + 27 = 4*r - 1. Give n(r).
-10
Let r(g) be the third derivative of 0*g + 0 + g**3 + 5*g**2 + 1/24*g**4. Let h = -70 + 65. What is r(h)?
1
Let r = -95 + 117. Let w be (3 + r/(-6))*3/(-2). Let p(b) = 8*b**3 - 2*b + 1. What is p(w)?
7
Let z(o) be the second derivative of -o**4/12 + o**2 + 28*o. Let d be 2 - 12/3 - -2. What is z(d)?
2
Let i = 4 - 3. Let a(m) = -1 + 13*m**2 + 11*m - 37*m - 41*m**2 + 27*m. Calculate a(i).
-28
Let q = -22 + 22. Suppose q*w = w - 5, 2*g - w = -1. Let d(v) = v - 6*v**2 + v**3 - 2*v**2 + 4*v**g + 3 + 0*v**2. Give d(3).
-3
Let t(c) = -5*c + 18. Let q be t(4). Let v be q/(4/(-10))*3/(-5). Let k(x) = -3*x - 3. Give k(v).
6
Let z(n) = n + 4. Let m(b) = 3*b - 11. Let q be m(5). Let h be z(q). Let v(d) = 8*d - 4*d - 9*d**2 - 4 + h*d**2. What is v(3)?
-1
Suppose 0 = -i + 4*a + 5, -4*i + 7*i - 15 = 5*a. Let d(v) = -v**2 + v + 6. What is d(i)?
-14
Let q be (-4 - (-66)/12)*10/3. Let h(k) = 4*k**2 - k - 2. Let c(t) = 7*t**2 - 2*t - 5. Let b(n) = q*h(n) - 3*c(n). Calculate b(4).
-7
Let m(z) be the first derivative of -z**3/3 - 3*z**2 - 2*z - 4. Let u = -159 - -154. Calculate m(u).
3
Let g(p) be the first derivative of p**3/3 + 3*p**2/2 + 3*p + 639. Give g(-1).
1
Let f(r) = -r**3 - 5*r**2 - 6*r - 1. Let u be f(-3). Let v(x) = x**2 + x. What is v(u)?
0
Let j = -37 - -40. Let s(f) = 75 - 74 + j*f - f**2 + 0*f**2. Calculate s(2).
3
Let a(g) = g**3 + 5*g**2 - g - 3. Let l(u) = 3 + 4*u + 0*u - 2*u - 4*u. Suppose -11 = 5*i - 31. Let m be l(i). Calculate a(m).
2
Let w(v) = -3*v - 4*v + 5*v + 4*v - 4*v + 4. What is w(-6)?
16
Let r(x) = -17*x + 6. Let l(f) = -3*f. Let v(q) = 5*l(q) - r(q). What is v(-5)?
-16
Let m(c) = c**3 + 2*c**2 - 6*c + 3. Let t(d) = 2*d**3 + 3*d**2 - 11*d + 6. Let p(s) = -7*m(s) + 4*t(s). Give p(2).
-1
Let t(q) = 3*q**3 - q**2 - 3*q + 2. Let h be 48/5 - (-3)/(-5). Let g(l) = -7*l**3 + l**2 + 7*l - 5. Let c(z) = h*t(z) + 4*g(z). What is c(-5)?
-7
Let m(b) be the first derivative of 33 - 3*b - 5/2*b**2 - 2/3*b**3. What is m(-3)?
-6
Let o be (-13)/3 - -4 - 86/(-6). Let y(q) = -q**3 + 14*q**2 - q + 20. Let g be y(o). Let a(n) = -n**2 + 5*n + 3. What is a(g)?
-3
Suppose -24 = -4*x + 7*x. Let i = x + 10. Let r(c) = c**i - 2 - 5 + c - 5*c - 1. Calculate r(6).
4
Let l(c) = -c**3 + 4*c**2 - 2*c + 1. Suppose 4*x = 18 + 2. Let g(y) = 2*y - 5. Let m be g(x). Let p be (m - (-1 - 1)) + -4. Give l(p).
4
Let x(r) = -r**3 - 3*r**2 + 2*r - 2. Let d be (1 - -5)*16/12. Suppose -2*o + d = -4*o. Determine x(o).
6
Suppose 0 = -5*i - s + 13 - 63, 0 = -6*i - s - 61. Let u(y) = 2*y + 8. Calculate u(i).
-14
Suppose 5*n = 10*n - 15. Let s be 6*(1 - 1/(-2)). Suppose 6 + s = n*u. Let h(b) = b**2 - 7*b + 3. What is h(u)?
-7
Suppose -3 = -v + 6. Let w(m) = -2 + v + 0 + m**3 - 6 - 2*m**2. Let d be (6/(-4))/(3/(-4)). Determine w(d).
1
Let a(j) be the first derivative of j**3/3 + 2*j + 14. Let r(t) = -t**2 + 12*t - 15. Let f be r(10). Suppose -5*q + 15 = f. What is a(q)?
6
Let a(s) = -s**2 - 3*s - 1. Let j(m) = -m**3 + 6*m**2 + 10*m - 24. Let c be j(7). Give a(c).
-1
Let z(t) be the second derivative of t**4/6 - t**3/6 + 9*t**2/2 - 11*t. Let a(u) be the first derivative of z(u). Give a(-1).
-5
Let d(c) be the first derivative of -c**4/4 - 2*c**3/3 + 3*c**2/2 + 4*c + 3. Suppose 4*x - 2 = 2. Let z be -3 - x - -1*1. Calculate d(z).
4
Let b(j) be the first derivative of j**4/4 - 7*j**3/3 + 2*j**2 + j + 65. Calculate b(5).
-29
Let w be ((-10)/(-40))/(1/44). Let p(z) = -14 - z**3 - 5*z + 5*z**2 + w + 6. Suppose -v + 9 = 2*v. Give p(v).
6
Let n = -13 + 23. Let s be n/35 - (-52)/14. Let p(w) be the first derivative of w**2 + 2*w - 23. What is p(s)?
10
Let n be (6/(-5))/(4/(-10)). Let y(s) = 2 + 150*s - 6*s**2 + 3*s**3 - 151*s - 2*s**n. Determine y(6).
-4
Let k(m) = -5*m + 2 + 10*m - 8*m + 2*m**3 - 2*m**2. Suppose -2*x - 30 = -7*x - 5*o, 2*o - 18 = -5*x. Let c be 5/2 - x/4. Calculate k(c).
4
Suppose -5*l + 2*i + 15 = 7*i, -5*l - i + 31 = 0. Let g(x) be the third derivative of x**4/24 - x**3/6 - 175*x**2. Calculate g(l).
6
Let t(a) be the first derivative of -a**4/4 + a**2 - 2*a + 103. What is t(0)?
-2
Let a(d) = 27*d - 5. Let v be a(1). Suppose 4*w - 5 = 7, 0 = 5*s + 3*w - 144. Let f = s - v. Let o(n) = -n - 2. Calculate o(f).
-7
Let b(v) = -9*v**3 + v**2 - 1. Let w be (-1)/1 - (-7 - (-11 - -6)). Determine b(w).
-9
Let m(s) = -8*s - 1. Let h be (-4 - (-2 + -1))*-3. Suppose h*q